 of 7249?
4
What is the tens digit of 1148749?
4
What is the thousands digit of 13876?
3
What is the units digit of 128361?
1
What is the hundreds digit of 375538?
5
What is the hundreds digit of 1201392?
3
What is the hundreds digit of 4650043?
0
What is the hundred thousands digit of 587871?
5
What is the tens digit of 1063679?
7
What is the hundreds digit of 410706?
7
What is the hundreds digit of 207675?
6
What is the units digit of 1739563?
3
What is the millions digit of 2880934?
2
What is the ten thousands digit of 525844?
2
What is the units digit of 2689247?
7
What is the hundreds digit of 949742?
7
What is the units digit of 6672047?
7
What is the thousands digit of 856594?
6
What is the units digit of 2242680?
0
What is the ten thousands digit of 10147819?
4
What is the hundreds digit of 595786?
7
What is the thousands digit of 725814?
5
What is the hundred thousands digit of 1025519?
0
What is the thousands digit of 1056538?
6
What is the tens digit of 887152?
5
What is the thousands digit of 858587?
8
What is the hundreds digit of 10974567?
5
What is the thousands digit of 230947?
0
What is the thousands digit of 143883?
3
What is the ten thousands digit of 835724?
3
What is the ten thousands digit of 121468?
2
What is the hundred thousands digit of 133210?
1
What is the ten thousands digit of 567834?
6
What is the hundreds digit of 1730?
7
What is the ten thousands digit of 79901?
7
What is the hundreds digit of 2582672?
6
What is the units digit of 632406?
6
What is the hundreds digit of 336513?
5
What is the units digit of 7354667?
7
What is the units digit of 581475?
5
What is the tens digit of 73833?
3
What is the thousands digit of 10665321?
5
What is the millions digit of 1462856?
1
What is the hundred thousands digit of 102193?
1
What is the hundred thousands digit of 731516?
7
What is the hundreds digit of 160704?
7
What is the ten thousands digit of 2293863?
9
What is the ten thousands digit of 990104?
9
What is the ten thousands digit of 2450822?
5
What is the tens digit of 160787?
8
What is the ten thousands digit of 5558353?
5
What is the thousands digit of 7321000?
1
What is the hundreds digit of 537287?
2
What is the tens digit of 9629835?
3
What is the thousands digit of 1563503?
3
What is the hundred thousands digit of 365072?
3
What is the ten thousands digit of 882305?
8
What is the millions digit of 3440924?
3
What is the ten thousands digit of 909887?
0
What is the tens digit of 802880?
8
What is the ten thousands digit of 1320624?
2
What is the units digit of 760474?
4
What is the units digit of 53316?
6
What is the millions digit of 1466382?
1
What is the tens digit of 308651?
5
What is the tens digit of 1494283?
8
What is the ten thousands digit of 3140628?
4
What is the thousands digit of 4244210?
4
What is the tens digit of 691984?
8
What is the hundreds digit of 47520?
5
What is the hundred thousands digit of 3802619?
8
What is the units digit of 525086?
6
What is the ten thousands digit of 5378879?
7
What is the units digit of 1094997?
7
What is the tens digit of 503267?
6
What is the hundred thousands digit of 703437?
7
What is the units digit of 1930274?
4
What is the hundred thousands digit of 702424?
7
What is the millions digit of 1124329?
1
What is the hundred thousands digit of 246714?
2
What is the hundred thousands digit of 7192253?
1
What is the thousands digit of 35068?
5
What is the hundreds digit of 2490509?
5
What is the thousands digit of 2015968?
5
What is the hundred thousands digit of 453096?
4
What is the hundred thousands digit of 258542?
2
What is the units digit of 120839?
9
What is the millions digit of 10418650?
0
What is the hundreds digit of 9850661?
6
What is the thousands digit of 336995?
6
What is the thousands digit of 549775?
9
What is the units digit of 309725?
5
What is the hundreds digit of 243424?
4
What is the hundreds digit of 2559532?
5
What is the hundred thousands digit of 549828?
5
What is the thousands digit of 7328494?
8
What is the hundred thousands digit of 3830646?
8
What is the units digit of 888991?
1
What is the units digit of 9864126?
6
What is the ten millions digit of 10565874?
1
What is the millions digit of 16697882?
6
What is the thousands digit of 1836197?
6
What is the hundreds digit of 4413965?
9
What is the units digit of 151292?
2
What is the hundred thousands digit of 12918469?
9
What is the hundred thousands digit of 413537?
4
What is the thousands digit of 14236873?
6
What is the thousands digit of 124042?
4
What is the tens digit of 40926?
2
What is the thousands digit of 2221444?
1
What is the thousands digit of 95606?
5
What is the ten thousands digit of 1788422?
8
What is the thousands digit of 2558192?
8
What is the units digit of 91596?
6
What is the millions digit of 4823437?
4
What is the tens digit of 3394891?
9
What is the hundreds digit of 978513?
5
What is the hundred thousands digit of 3170991?
1
What is the tens digit of 1156790?
9
What is the tens digit of 745890?
9
What is the tens digit of 201576?
7
What is the hundreds digit of 213607?
6
What is the hundreds digit of 343332?
3
What is the hundreds digit of 149591?
5
What is the units digit of 330296?
6
What is the millions digit of 12819628?
2
What is the units digit of 1526786?
6
What is the hundred thousands digit of 21385084?
3
What is the ten millions digit of 13190104?
1
What is the tens digit of 1001113?
1
What is the thousands digit of 8943702?
3
What is the tens digit of 5351678?
7
What is the hundreds digit of 57521?
5
What is the hundreds digit of 2538338?
3
What is the hundred thousands digit of 404329?
4
What is the hundreds digit of 416340?
3
What is the hundreds digit of 734714?
7
What is the ten thousands digit of 2735188?
3
What is the thousands digit of 21590026?
0
What is the ten thousands digit of 2105640?
0
What is the hundred thousands digit of 3792674?
7
What is the thousands digit of 3368314?
8
What is the units digit of 3469?
9
What is the hundreds digit of 62025?
0
What is the units digit of 362911?
1
What is the hundred thousands digit of 874964?
8
What is the thousands digit of 443351?
3
What is the hundreds digit of 3039599?
5
What is the ten thousands digit of 3314586?
1
What is the hundred thousands digit of 7337427?
3
What is the tens digit of 6635541?
4
What is the tens digit of 5431594?
9
What is the units digit of 3369708?
8
What is the ten thousands digit of 4012529?
1
What is the millions digit of 19830916?
9
What is the units digit of 515649?
9
What is the units digit of 5527230?
0
What is the hundreds digit of 86730?
7
What is the units digit of 5339645?
5
What is the tens digit of 2066683?
8
What is the units digit of 14850103?
3
What is the thousands digit of 1342519?
2
What is the ten thousands digit of 1251526?
5
What is the thousands digit of 2975400?
5
What is the millions digit of 1020479?
1
What is the ten thousands digit of 45652?
4
What is the ten thousands digit of 82907?
8
What is the hundreds digit of 91342?
3
What is the hundreds digit of 15488184?
1
What is the millions digit of 5264608?
5
What is the hundreds digit of 264502?
5
What is the units digit of 212089?
9
What is the hundred thousands digit of 180444?
1
What is the hundreds digit of 235470?
4
What is the tens digit of 20161696?
9
What is the hundred thousands digit of 13124424?
1
What is the thousands digit of 7250595?
0
What is the ten thousands digit of 3964043?
6
What is the ten thousands digit of 11948569?
4
What is the units digit of 292261?
1
What is the hundreds digit of 1884272?
2
What is the ten thousands digit of 59982?
5
What is the units digit of 1240513?
3
What is the ten thousands digit of 375532?
7
What is the tens digit of 984847?
4
What is the tens digit of 58973?
7
What is the tens digit of 31193?
9
What is the hundreds digit of 563958?
9
What is the thousands digit of 1441433?
1
What is the tens digit of 299347?
4
What is the ten thousands digit of 15212978?
1
What is the hundred thousands digit of 3283180?
2
What is the hundred thousands digit of 6836501?
8
What is the tens digit of 522636?
3
What is the thousands digit of 157043?
7
What is the hundreds digit of 261074?
0
What is the ten thousands digit of 9666307?
6
What is the tens dig